{"id":15,"date":"2014-10-25T23:45:09","date_gmt":"2014-10-25T19:45:09","guid":{"rendered":"https:\/\/bestlogistika.com\/2\/?page_id=15"},"modified":"2017-04-21T19:02:13","modified_gmt":"2017-04-21T15:02:13","slug":"delivery-europe","status":"publish","type":"page","link":"https:\/\/bestlogistika.com\/cs\/delivery-europe\/","title":{"rendered":"P\u0159eprava po Evrop\u011b"},"content":{"rendered":"<p>N\u00e1kladn\u00ed doprava mezi zem\u011bmi, kter\u00e9 jsou \u010dleny Evropsk\u00e9 unie, je d\u016fle\u017eit\u00e1 a popt\u00e1van\u00e1 slu\u017eba skupiny BEST LOGISTIKA CARGO. Pro p\u0159epravu zbo\u017e\u00ed do r\u016fzn\u00fdch destinac\u00ed v Evrop\u011b pou\u017e\u00edv\u00e1me dopravu od minim\u00e1ln\u00edho krychlov\u00e9ho objemu a\u017e po maxim\u00e1ln\u00ed nosnost.<\/p>\n<p><span style=\"text-decoration: underline;\">\u0158\u00edzen\u00ed p\u0159epravy uvnit\u0159 Evropy je prov\u00e1d\u011bno z pobo\u010dek BEST LOGISTIKA CARGO um\u00edst\u011bn\u00fdch v zem\u00edch EU:<\/span><\/p>\n<p>\u2022 \u010cesk\u00e1 republika (Praha);<br \/>\n\u2022 N\u011bmecko (Kol\u00edn nad R\u00fdnem, D\u00fcsseldorf).<\/p>\n<p><span style=\"text-decoration: underline;\">Skupina BEST LOGISTIKA CARGO nab\u00edz\u00ed p\u0159epravu n\u00e1klad\u016f po Evrop\u011b jak\u00e9koliv n\u00e1ro\u010dnosti:<\/span><\/p>\n<p>\u2022 sb\u011brn\u00e9 n\u00e1klady (konsolidace na skladech v EU);<br \/>\n\u2022 nadrozm\u011brn\u00e9 a t\u011b\u017ek\u00e9 n\u00e1klady;<br \/>\n\u2022 nebezpe\u010dn\u00e9 n\u00e1klady;<br \/>\n\u2022 cenn\u00e9 n\u00e1klady.<\/p>\n<p><span style=\"text-decoration: underline;\">Pro p\u0159epravu v r\u00e1mci EU na\u0161im z\u00e1kazn\u00edk\u016fm nab\u00edz\u00edme:<\/span><\/p>\n<p>\u2022 spln\u011bn\u00ed podm\u00ednek objedn\u00e1vky, v\u010detn\u011b dohodnut\u00fdch dodac\u00edch lh\u016ft;<br \/>\n\u2022 dodr\u017een\u00ed po\u017eadavk\u016f evropsk\u00e9 pr\u00e1vn\u00ed \u00fapravy a platn\u00fdch ekologick\u00fdch standard\u016f;<br \/>\n\u2022 poji\u0161t\u011bn\u00ed n\u00e1kladu;<br \/>\n\u2022 ka\u017edodenn\u00ed poskytnut\u00ed zpr\u00e1vy o realizaci objedn\u00e1vky (se zobrazen\u00edm polohy n\u00e1kladu a pl\u00e1novan\u00e9ho p\u0159\u00edjezdu do m\u00edsta ur\u010den\u00ed);<br \/>\n\u2022 kontrolu a v\u010dasn\u00e9 p\u0159edlo\u017een\u00ed p\u0159epravn\u00edch doklad\u016f;<br \/>\n\u2022 p\u0159epravu nadrozm\u011brn\u00e9ho n\u00e1kladu (o objemu a\u017e do 100 m3 a o v\u00fd\u0161ce a\u017e do 3 m).<\/p>\n<p>Pro zji\u0161t\u011bn\u00ed tarif\u016f p\u0159epravy v r\u00e1mci Evropy se m\u016f\u017eete obracet na na\u0161i pobo\u010dku v Praze \u2013 Best Logistika Cargo s.r.o.<\/p>","protected":false},"excerpt":{"rendered":"<p>N\u00e1kladn\u00ed doprava mezi zem\u011bmi, kter\u00e9 jsou \u010dleny Evropsk\u00e9 unie, je d\u016fle\u017eit\u00e1 a popt\u00e1van\u00e1 slu\u017eba skupiny BEST LOGISTIKA CARGO. Pro p\u0159epravu zbo\u017e\u00ed do r\u016fzn\u00fdch destinac\u00ed v Evrop\u011b pou\u017e\u00edv\u00e1me dopravu od minim\u00e1ln\u00edho krychlov\u00e9ho objemu a\u017e po maxim\u00e1ln\u00ed nosnost. \u0158\u00edzen\u00ed p\u0159epravy uvnit\u0159 Evropy je prov\u00e1d\u011bno z pobo\u010dek BEST LOGISTIKA CARGO um\u00edst\u011bn\u00fdch v zem\u00edch EU: \u2022 \u010cesk\u00e1 republika (Praha); [&hellip;]<\/p>\n","protected":false},"author":1,"featured_media":0,"parent":0,"menu_order":0,"comment_status":"open","ping_status":"open","template":"","meta":[],"acf":[],"_links":{"self":[{"href":"https:\/\/bestlogistika.com\/cs\/wp-json\/wp\/v2\/pages\/15"}],"collection":[{"href":"https:\/\/bestlogistika.com\/cs\/wp-json\/wp\/v2\/pages"}],"about":[{"href":"https:\/\/bestlogistika.com\/cs\/wp-json\/wp\/v2\/types\/page"}],"author":[{"embeddable":true,"href":"https:\/\/bestlogistika.com\/cs\/wp-json\/wp\/v2\/users\/1"}],"replies":[{"embeddable":true,"href":"https:\/\/bestlogistika.com\/cs\/wp-json\/wp\/v2\/comments?post=15"}],"version-history":[{"count":33,"href":"https:\/\/bestlogistika.com\/cs\/wp-json\/wp\/v2\/pages\/15\/revisions"}],"predecessor-version":[{"id":872,"href":"https:\/\/bestlogistika.com\/cs\/wp-json\/wp\/v2\/pages\/15\/revisions\/872"}],"wp:attachment":[{"href":"https:\/\/bestlogistika.com\/cs\/wp-json\/wp\/v2\/media?parent=15"}],"curies":[{"name":"wp","href":"https:\/\/api.w.org\/{rel}","templated":true}]}}

Přeprava po Evropě

<p>Nákladní doprava mezi zeměmi, které jsou členy Evropské unie, je důležitá a poptávaná služba skupiny BEST LOGISTIKA CARGO. Pro přepravu zboží do různých destinací v Evropě používáme dopravu od minimálního krychlového objemu až po maximální nosnost.</p>
<p><span style="text-decoration: underline;">Řízení přepravy uvnitř Evropy je prováděno z poboček BEST LOGISTIKA CARGO umístěných v zemích EU:</span></p>
<p>• Česká republika (Praha);<br />
• Německo (Kolín nad Rýnem, Düsseldorf).</p>
<p><span style="text-decoration: underline;">Skupina BEST LOGISTIKA CARGO nabízí přepravu nákladů po Evropě jakékoliv náročnosti:</span></p>
<p>• sběrné náklady (konsolidace na skladech v EU);<br />
• nadrozměrné a těžké náklady;<br />
• nebezpečné náklady;<br />
• cenné náklady.</p>
<p><span style="text-decoration: underline;">Pro přepravu v rámci EU našim zákazníkům nabízíme:</span></p>
<p>• splnění podmínek objednávky, včetně dohodnutých dodacích lhůt;<br />
• dodržení požadavků evropské právní úpravy a platných ekologických standardů;<br />
• pojištění nákladu;<br />
• každodenní poskytnutí zprávy o realizaci objednávky (se zobrazením polohy nákladu a plánovaného příjezdu do místa určení);<br />
• kontrolu a včasné předložení přepravních dokladů;<br />
• přepravu nadrozměrného nákladu (o objemu až do 100 m3 a o výšce až do 3 m).</p>
<p>Pro zjištění tarifů přepravy v rámci Evropy se můžete obracet na naši pobočku v Praze – Best Logistika Cargo s.r.o.</p>

<p>Nákladní doprava mezi zeměmi, které jsou členy Evropské unie, je důležitá a poptávaná služba skupiny BEST LOGISTIKA CARGO. Pro přepravu zboží do různých destinací v Evropě používáme dopravu od minimálního krychlového objemu až po maximální nosnost. Řízení přepravy uvnitř Evropy je prováděno z poboček BEST LOGISTIKA CARGO umístěných v zemích EU: • Česká republika (Praha); [&hellip;]</p>
